{"id":202,"date":"2026-02-22T11:27:17","date_gmt":"2026-02-22T11:27:17","guid":{"rendered":"https:\/\/hunsrueck-kollektiv.de\/?post_type=product&#038;p=202"},"modified":"2026-02-22T12:30:40","modified_gmt":"2026-02-22T12:30:40","slug":"tasse-kein-kaffee-den-faschisten","status":"publish","type":"product","link":"https:\/\/hunsrueck-kollektiv.de\/index.php\/produkt\/tasse-kein-kaffee-den-faschisten\/","title":{"rendered":"Tasse &#8211; Kein Kaffee den Faschisten"},"content":{"rendered":"<p>Versch\u00f6nere deine Morgenroutine mit unserem Becher. Hergestellt aus langlebiger Keramik mit einem gro\u00dfz\u00fcgigen Fassungsverm\u00f6gen von 350 mL.<\/p>\n","protected":false},"excerpt":{"rendered":"<p>Versch\u00f6nere deine Morgenroutine mit unserem Becher. Hergestellt aus langlebiger Keramik mit einem gro\u00dfz\u00fcgigen Fassungsverm\u00f6gen von 350 mL.<\/p>\n","protected":false},"featured_media":203,"template":"","meta":[],"product_brand":[],"product_cat":[26],"product_tag":[27,28],"class_list":{"0":"post-202","1":"product","2":"type-product","3":"status-publish","4":"has-post-thumbnail","6":"product_cat-accessories","7":"product_tag-kaffee","8":"product_tag-tasse","10":"first","11":"instock","12":"shipping-taxable","13":"purchasable","14":"product-type-simple"},"jetpack_sharing_enabled":true,"_links":{"self":[{"href":"https:\/\/hunsrueck-kollektiv.de\/index.php\/wp-json\/wp\/v2\/product\/202","targetHints":{"allow":["GET"]}}],"collection":[{"href":"https:\/\/hunsrueck-kollektiv.de\/index.php\/wp-json\/wp\/v2\/product"}],"about":[{"href":"https:\/\/hunsrueck-kollektiv.de\/index.php\/wp-json\/wp\/v2\/types\/product"}],"wp:featuredmedia":[{"embeddable":true,"href":"https:\/\/hunsrueck-kollektiv.de\/index.php\/wp-json\/wp\/v2\/media\/203"}],"wp:attachment":[{"href":"https:\/\/hunsrueck-kollektiv.de\/index.php\/wp-json\/wp\/v2\/media?parent=202"}],"wp:term":[{"taxonomy":"product_brand","embeddable":true,"href":"https:\/\/hunsrueck-kollektiv.de\/index.php\/wp-json\/wp\/v2\/product_brand?post=202"},{"taxonomy":"product_cat","embeddable":true,"href":"https:\/\/hunsrueck-kollektiv.de\/index.php\/wp-json\/wp\/v2\/product_cat?post=202"},{"taxonomy":"product_tag","embeddable":true,"href":"https:\/\/hunsrueck-kollektiv.de\/index.php\/wp-json\/wp\/v2\/product_tag?post=202"}],"curies":[{"name":"wp","href":"https:\/\/api.w.org\/{rel}","templated":true}]}}